7743
List the prime factors of 4124281.
7, 73, 1153
List the prime factors of 2878274.
2, 7, 83, 2477
What are the prime factors of 1846869?
3, 615623
List the prime factors of 595466.
2, 173, 1721
What are the prime factors of 29484201?
3, 9828067
What are the prime factors of 214835?
5, 42967
List the prime factors of 15737889.
3, 5245963
List the prime factors of 1396603.
13, 53, 2027
List the prime factors of 190070.
2, 5, 83, 229
What are the prime factors of 7308436?
2, 17, 31, 3467
What are the prime factors of 3230894?
2, 1615447
List the prime factors of 183281.
7, 26183
List the prime factors of 127769.
67, 1907
List the prime factors of 22941817.
971, 23627
List the prime factors of 8241637.
149, 55313
List the prime factors of 1173846.
2, 3, 31, 6311
What are the prime factors of 199950?
2, 3, 5, 31, 43
List the prime factors of 22152406.
2, 547, 20249
List the prime factors of 315206.
2, 173, 911
What are the prime factors of 3797479?
7, 542497
What are the prime factors of 108881?
108881
What are the prime factors of 26358?
2, 3, 23, 191
What are the prime factors of 179652?
2, 3, 11, 1361
What are the prime factors of 396496?
2, 24781
What are the prime factors of 1165292?
2, 317, 919
What are the prime factors of 6469116?
2, 3, 539093
List the prime factors of 782357.
17, 46021
What are the prime factors of 5478137?
7, 19, 41189
What are the prime factors of 6356839?
101, 62939
List the prime factors of 1473058.
2, 23, 31, 1033
What are the prime factors of 131446?
2, 7, 41, 229
List the prime factors of 3089428.
2, 29, 26633
List the prime factors of 770673.
3, 37, 53, 131
List the prime factors of 14395.
5, 2879
What are the prime factors of 1427614?
2, 713807
List the prime factors of 2803083.
3, 37, 25253
List the prime factors of 1221064.
2, 13, 59, 199
List the prime factors of 8639266.
2, 31, 139343
List the prime factors of 4154302.
2, 2077151
List the prime factors of 586776.
2, 3, 23, 1063
What are the prime factors of 1591606?
2, 795803
What are the prime factors of 1898729?
7, 37, 7331
What are the prime factors of 37394?
2, 7, 2671
What are the prime factors of 8128166?
2, 4064083
List the prime factors of 39505.
5, 7901
List the prime factors of 49766.
2, 149, 167
What are the prime factors of 866260?
2, 5, 43313
List the prime factors of 244361.
13, 18797
List the prime factors of 507313.
507313
What are the prime factors of 6880?
2, 5, 43
List the prime factors of 612004.
2, 153001
List the prime factors of 116208.
2, 3, 269
List the prime factors of 1888552.
2, 236069
List the prime factors of 148807.
67, 2221
What are the prime factors of 2109877?
7, 11, 47, 53
List the prime factors of 10881398.
2, 11, 494609
What are the prime factors of 10734228?
2, 3, 99391
List the prime factors of 1840694.
2, 337, 2731
What are the prime factors of 13745033?
359, 38287
What are the prime factors of 6986484?
2, 3, 194069
List the prime factors of 1068659.
61, 17519
List the prime factors of 738887.
47, 79, 199
What are the prime factors of 264041?
73, 3617
List the prime factors of 12175325.
5, 487013
What are the prime factors of 19562?
2, 9781
List the prime factors of 1260087.
3, 420029
What are the prime factors of 278332?
2, 149, 467
List the prime factors of 300061.
191, 1571
List the prime factors of 96560.
2, 5, 17, 71
What are the prime factors of 4934251?
7, 100699
What are the prime factors of 11944635?
3, 5, 19, 41911
What are the prime factors of 85070?
2, 5, 47, 181
List the prime factors of 25103423.
2473, 10151
List the prime factors of 3631722.
2, 3, 499, 1213
List the prime factors of 218556.
2, 3, 13, 467
List the prime factors of 43122.
2, 3, 7187
List the prime factors of 35808089.
157, 228077
List the prime factors of 256911.
3, 29, 2953
What are the prime factors of 552325?
5, 22093
What are the prime factors of 61515?
3, 5, 1367
What are the prime factors of 188345?
5, 139, 271
What are the prime factors of 977922?
2, 3, 11, 449
What are the prime factors of 164699?
109, 1511
List the prime factors of 9410522.
2, 11, 427751
What are the prime factors of 3467742?
2, 3, 577957
What are the prime factors of 784102?
2, 11, 29, 1229
List the prime factors of 1853193.
3, 617731
List the prime factors of 50255.
5, 19, 23
List the prime factors of 11505844.
2, 7, 163, 2521
List the prime factors of 507962.
2, 7, 13, 2791
What are the prime factors of 14309996?
2, 47, 103, 739
What are the prime factors of 973688?
2, 121711
List the prime factors of 887586.
2, 3, 7, 3019
What are the prime factors of 2231847?
3, 131, 631
What are the prime factors of 881525?
5, 37, 953
List the prime factors of 2014551.
3, 7, 11, 17, 19
What are the prime factors of 718602?
2, 3, 229, 523
List the prime factors of 623646.
2, 3, 11549
List the prime factors of 1976868.
2, 3, 89, 617
List the prime factors of 1057280.
2, 5, 7, 59
What are the prime factors of 820474?
2, 277, 1481
List the prime factors of 19376467.
11, 61, 67, 431
List the prime factors of 800477.
800477
List the prime factors of 1506179.
1506179
List the prime factors of 945935.
5, 189187
List the prime factors of 2838021.
3, 73, 12959
List the prime factors of 6263854.
2, 17, 184231
What are the prime factors of 109195?
5, 21839
What are the prime factors of 1061182?
2, 173, 3067
What are the prime factors of 14219740?
2, 5, 710987
What are the prime factors of 1448460?
2, 3, 5, 13, 619
What are the prime factors of 1964324?
2, 491081
List the prime factors of 4118535.
3, 5, 19, 4817
What are the prime factors of 950688?
2, 3, 3301
List the prime factors of 7095213.
3, 788357
List the prime factors of 5199120.
2, 3, 5, 29, 83
List the prime factors of 120343.
17, 7079
List the prime factors of 11669090.
2, 5, 79, 14771
What are the prime factors of 792414?
2, 3, 7, 19, 331
List the prime factors of 6152998.
2, 19, 161921
List the prime factors of 5310889.
31, 67, 2557
What are the prime factors of 30935?
5, 23, 269
What are the prime factors of 798772?
2, 13, 15361
What are the prime factors of 4375147?
7, 617, 1013
What are the prime factors of 304461?
3, 33829
List the prime factors of 3728437.
1913, 1949
List the prime factors of 516382.
2, 19, 107, 127
List the prime factors of 5918762.
2, 59, 50159
What are the prime factors of 5656299?
3, 11, 171403
What are the prime factors of 16033299?
3, 359, 14887
What are the prime factors of 223556?
2, 55889
List the prime factors of 366804.
2, 3, 23, 443
List the prime factors of 274200.
2, 3, 5, 457
What are the prime factors of 24119326?
2, 7, 11, 156619
List the prime factors of 418851.
3, 5171
What are the prime factors of 18398?
2, 9199
What are the prime factors of 3294?
2, 3, 61
List the prime factors of 17674352.
2, 83, 13309
What are the prime factors of 4320749?
31, 37, 3767
List the prime factors of 2075229.
3, 13, 17737
List the prime factors of 1018608.
2, 3, 21221
What are the prime factors of 4671533?
113, 41341
What are the prime factors of 1662495?
3, 5, 137, 809
What are the prime factors of 266409?
3, 11, 13, 23
List the prime factors of 271015.
5, 67, 809
List the prime factors of 41213.
41213
List the prime factors of 179692.
2, 167, 269
What are the prime factors of 3469648?
2, 7, 13, 2383
List the prime factors of 1077586.
2, 103, 5231
List the prime factors of 266463.
3, 71, 139
List the prime factors of 36910231.
5843, 6317
List the prime factors of 78969.
3, 11, 2393
What are the prime factors of 1371596?
2, 342899
What are the prime factors of 10649816?
2, 1331227
What are the prime factors of 48444?
2, 3, 11, 367
What are the prime factors of 999182?
2, 499591
List the prime factors of 625350.
2, 3, 5, 11, 379
What are the prime factors of 4381954?
2, 17, 359
List the prime factors of 5630585.
5, 89, 12653
List the prime factors of 1897346.
2, 11, 86243
What are the prime factors of 206941?
7, 17, 37, 47
What are the prime factors of 162553?
162553
List the prime factors of 52522.
2, 26261
What are the prime factors of 393888?
2, 3, 11, 373
List the prime factors of 3589505.
5, 587, 1223
List the prime factors of 362542.
2, 17, 10663
List the prime factors of 1740528.
2, 3, 17, 79
What are the prime factors of 5435084?
2, 23, 59077
List the prime factors of 18491.
11, 41
List t